True
Is 4360267 composite?
False
Is 198423958 prime?
False
Is 142949 a composite number?
False
Is 9765893 prime?
True
Is 11905373 a composite number?
True
Is 116297483 composite?
True
Is 57088517 a prime number?
True
Is 2104423 a composite number?
False
Is 1634657 prime?
True
Is 635839 a prime number?
False
Is 1046627 prime?
True
Is 1482443 a prime number?
True
Is 141689179 prime?
True
Is 384746269 composite?
True
Is 84784951 a composite number?
True
Is 818379697 a prime number?
True
Is 9165547 a prime number?
True
Is 248519 a composite number?
True
Is 48046961 a composite number?
False
Is 2022747 composite?
True
Is 16991663 composite?
True
Is 13040803 prime?
False
Is 454663 a composite number?
True
Is 187004339 composite?
False
Is 8970681 prime?
False
Is 59773607 a prime number?
False
Is 30650261 a prime number?
True
Is 29306461 a composite number?
False
Is 1998619 a prime number?
False
Is 824333 a composite number?
True
Is 36927403 a composite number?
False
Is 636839 prime?
False
Is 1131293 composite?
True
Is 13903889 a composite number?
False
Is 110297849 a prime number?
False
Is 3366239 composite?
False
Is 273104681 a composite number?
False
Is 309733 a composite number?
True
Is 35323411 a prime number?
False
Is 275287387 a prime number?
False
Is 1626187 composite?
True
Is 5376271 a composite number?
False
Is 53390911 a composite number?
True
Is 2077637 composite?
False
Is 15845483 a composite number?
False
Is 117071 prime?
True
Is 70409701 prime?
True
Is 484951661 composite?
False
Is 18748241 composite?
False
Is 2627542 a prime number?
False
Is 5177869 a prime number?
True
Is 93653503 composite?
True
Is 641681 composite?
False
Is 542371 composite?
False
Is 180427811 a prime number?
True
Is 8787359 a composite number?
True
Is 5743559 a composite number?
True
Is 331942861 a prime number?
True
Is 371417 a prime number?
True
Is 31305227 composite?
False
Is 75847363 composite?
True
Is 6802529 prime?
True
Is 42018947 prime?
False
Is 38514391 a prime number?
False
Is 6397438 composite?
True
Is 27705299 a prime number?
False
Is 5790469 prime?
True
Is 28556467 prime?
False
Is 4332577 prime?
True
Is 26094955 composite?
True
Is 161266073 prime?
False
Is 2369977 a prime number?
True
Is 273164971 prime?
True
Is 3012049 a composite number?
False
Is 13906909 a prime number?
True
Is 44748911 a prime number?
True
Is 351133439 a prime number?
True
Is 26198507 prime?
True
Is 646939707 prime?
False
Is 110062999 a composite number?
False
Is 536771 composite?
False
Is 5374633 prime?
False
Is 115947889 composite?
False
Is 21915371 prime?
True
Is 46000891 a prime number?
True
Is 9961121 composite?
True
Is 7909673 composite?
False
Is 335924093 a prime number?
False
Is 11582651 a composite number?
False
Is 4862801 a prime number?
False
Is 11230621 a prime number?
True
Is 551227 prime?
False
Is 27018599 prime?
True
Is 10554989 a prime number?
True
Is 64095305 prime?
False
Is 5462311 composite?
False
Is 1492063 a composite number?
False
Is 1802909 prime?
True
Is 14820061 a composite number?
False
Is 119027329 a prime number?
True
Is 97272349 composite?
False
Is 3049366 a prime number?
False
Is 6304855 a composite number?
True
Is 10869323 prime?
True
Is 2029337 a prime number?
False
Is 1485886 prime?
False
Is 398691001 prime?
True
Is 13763713 a prime number?
True
Is 242153755 a prime number?
False
Is 374902219 a prime number?
False
Is 94760929 a composite number?
False
Is 148609 a composite number?
False
Is 6153443 a prime number?
False
Is 63350033 prime?
False
Is 24223781 composite?
False
Is 8103721 a prime number?
True
Is 3253361 composite?
False
Is 26963111 a prime number?
False
Is 27475709 composite?
True
Is 216041009 a composite number?
True
Is 20933087 a prime number?
False
Is 189127 prime?
True
Is 28306297 composite?
False
Is 396509 a prime number?
True
Is 4151993 a composite number?
True
Is 21204739 a composite number?
False
Is 38506889 composite?
True
Is 48575159 composite?
False
Is 535303 composite?
False
Is 43886473 a prime number?
False
Is 3822379 a prime number?
False
Is 1115745373 a composite number?
False
Is 17903029 a prime number?
False
Is 308357409 composite?
True
Is 2737957 a composite number?
True
Is 185806703 a composite number?
False
Is 52316813 a composite number?
True
Is 45311569 prime?
False
Is 24198082 a prime number?
False
Is 2224931 composite?
False
Is 130939433 composite?
False
Is 528559 a composite number?
False
Is 5953969 composite?
True
Is 6678283 composite?
True
Is 9912391 composite?
False
Is 143065771 composite?
False
Is 39051001 composite?
True
Is 20478061 a composite number?
False
Is 23483441 composite?
False
Is 29115821 a prime number?
False
Is 13728791 composite?
False
Is 540134057 prime?
False
Is 5577907 a composite number?
True
Is 405070907 prime?
True
Is 1749779 a composite number?
False
Is 6347903 prime?
True
Is 258550637 a prime number?
False
Is 46574267 prime?
True
Is 57352574 prime?
False
Is 45183133 composite?
True
Is 4990985 a prime number?
False
Is 17068217 composite?
True
Is 106116223 composite?
True
Is 24679349 a composite number?
True
Is 901067 a prime number?
True
Is 1055789 prime?
False
Is 402235813 a composite number?
True
Is 4371707 a prime number?
False
Is 24601609 a prime number?
True
Is 18233329 composite?
False
Is 163683349 composite?
False
Is 2764423 a prime number?
True
Is 14039257 prime?
True
Is 20539073 composite?
True
Is 1200948739 a composite number?
False
Is 10480997 a prime number?
True
Is 25327009 composite?
True
Is 48914791 a prime number?
False
Is 2232743 prime?
False
Is 5512339 a prime number?
False
Is 52645351 a prime number?
False
Is 178559 prime?
True
Is 101214103 composite?
False
Is 13795531 prime?
True
Is 4740887 a composite number?
False
Is 1196683 composite?
False
Is 3980341 a prime number?
True
Is 23492969 a prime number?
False
Is 17114183 composite?
True
Is 52708121 prime?
False
Is 171604153 prime?
False
Is 14673387 prime?
False
Is 130203343 composite?
False
Is 49426591 a prime number?
True
Is 67214263 prime?
False
Is 262733177 prime?
False
Is 138684193 a composite number?
False
Is 6329705 a prime number?
False
Is 5600941 prime?
False
Is 1834883 prime?
True
Is 6648559 composite?
True
Is 3401129 composite?
False
Is 735983 a composite number?
False
Is 27153151 prime?
True
Is 878497 composite?
True
Is 7829179 composite?
False
Is 1789901 composite?
True
Is 7869919 a composite number?
False
Is 1822367 composite?
False
Is 53085233 composite?
False
Is 23305163 composite?
True
Is 2013421 a prime number?
False
Is 238227501 a prime number?
False
Is 37086341 composite?
False
Is 10458061 a composite number?
True
Is 630109 a prime number?
False
Is 55405447 prime?
True
Is 136010993 prime?
True
Is 848647 composite?
False
Is 1868169 composite?
True
Is 1247383 a prime number?
True
Is 121174577 prime?
True
Is 26972657 prime?
False
Is 174627547 prime?
True
Is 32761117 a composite number?
True
Is 5351669 a prime number?
True
Is 267530509 a composite number?
False
Is 38869703 a prime number?
True
Is 107349367 a composite number?
False
Is 25037849 a prime number?
False
Is 33534697 composite?
True
Is 10616819 prime?
False
Is 4291559 prime?
True
Is 388051 composite?
False
Is 467663389 a composite number?
True
Is 10459987 composite?
False
Is 18498889 composite?
True
Is 215295743 a prime number?
False
Is 10217659 a composite number?
True
Is 69986879 composite?
False
Is 119647051 a composite number?
False
Is 23139721 composite?
True
Is 21778871 a composite number?
True
Is 27506507 prime?
False
Is 2182387 composite?
False
Is 876055 prime?
False
Is 6753553 composite?
True
Is 1022291 a prime number?
True
Is 1612816801 a composite number?
False
Is 5358433 a composite number?
False
Is 260561947 a prime number?
True
Is 1519445 prime?
False
Is 2130521 prime?
False
Is 75017521 a prime number?
False
Is 817469 prime?
False
Is 17656817 a composite number?
False
Is 166688371 a composite number?
False
Is 566041 a composite number?
True
Is 586951081 a prime number?
False
Is 115194323 prime?
True
Is 268999361 a composite number?
True
Is 58690327 composite?
True
Is 310167651 composite?
True
Is 13519067 a composite number?
False
Is 17233521 composite?
True
Is 180513187 prime?
True
Is 602453 composite?
False
Is 144379219 a prim